+ -6?
-4b0038
In base 8, what is -10 + -212431?
-212441
In base 4, what is -123323011 - 23113?
-130012130
In base 3, what is 22020212111012 + -21221?
22020212012021
In base 4, what is -23321321323 - 3?
-23321321332
In base 6, what is -2 - 300144132?
-300144134
In base 15, what is 2 - -d2e5b75?
d2e5b77
In base 15, what is 860 - -17db2?
18722
In base 11, what is -4 - 8111362?
-8111366
In base 15, what is -19c8c44c - -4?
-19c8c448
In base 13, what is 12ca4 + 17bc?
14793
In base 2, what is -1101 + 1110000101000111101?
1110000101000110000
In base 11, what is -2671270 - a7?
-2671367
In base 8, what is -3013 + 7?
-3004
In base 9, what is -818 + -288671?
-300600
In base 15, what is 28 - -9aa56?
9aa7e
In base 14, what is -7 + -d2ac2?
-d2ac9
In base 8, what is -166156 - 122?
-166300
In base 6, what is -213133153 + -1?
-213133154
In base 15, what is -10865 - 1?
-10866
In base 10, what is 303 - -2955?
3258
In base 5, what is 332233 + -2143413?
-1311130
In base 7, what is 0 + 125046523?
125046523
In base 3, what is 101002 - -201111221?
201220000
In base 3, what is -11110122222112 + 10111?
-11110122212001
In base 15, what is -23b47 + -8?
-23b50
In base 11, what is 10379219 - 14?
10379205
In base 15, what is -2b0ce86 - d?
-2b0ce94
In base 15, what is -6405 + 1325?
-50d0
In base 12, what is -143 - -10ba03b?
10b9ab8
In base 2, what is -100110100010110011001111 - -101100?
-100110100010110010100011
In base 15, what is -175 - a9e48?
-aa0bd
In base 3, what is -12012 + -10111221100?
-10112010112
In base 16, what is -f6a + -7b7?
-1721
In base 5, what is 204 - 4200334133?
-4200333424
In base 11, what is 94366 + 984?
9523a
In base 5, what is 4324233 - -243?
4330031
In base 11, what is -1106351 + -6?
-1106357
In base 5, what is 124020 - -4033121?
4212141
In base 3, what is -2100 + 2002011100?
2002002000
In base 12, what is 49881984 + -5?
4988197b
In base 6, what is -435 + 230451?
230012
In base 5, what is -111204123 - 232?
-111204410
In base 6, what is -4005 - 55140?
-103145
In base 2, what is 100100010110000110010 - -101?
100100010110000110111
In base 9, what is 186377 + 12?
186400
In base 2, what is -10001011 - 110100001010011?
-110100011011110
In base 13, what is 5074 - -868?
590c
In base 12, what is 822a77 + -a7?
822990
In base 12, what is 5 + -332b949b?
-332b9496
In base 11, what is 4850395 + 20?
4850405
In base 5, what is -2 + -2040234220?
-2040234222
In base 16, what is -646d3 + 2?
-646d1
In base 3, what is -12 + -12220110101?
-12220110120
In base 14, what is 3 + -c9d75b?
-c9d758
In base 2, what is 111010011010111 + 1100010100?
111011111101011
In base 9, what is 26 + -514651?
-514624
In base 11, what is -955113 - -492?
-954731
In base 12, what is -8 - 178836b?
-1788377
In base 11, what is -1783548 - -3?
-1783545
In base 6, what is 55555420140 + -5?
55555420131
In base 6, what is -304 + -30123451?
-30124155
In base 3, what is 112212212211122 - 102?
112212212211020
In base 16, what is -115f4 - a1?
-11695
In base 15, what is -4143d6 - -4?
-4143d2
In base 15, what is 86e07c9 - 2?
86e07c7
In base 6, what is 13 + -5410202?
-5410145
In base 6, what is -52145240 + -14?
-52145254
In base 11, what is 5180 + 237a?
754a
In base 6, what is 3342523013 + -3?
3342523010
In base 10, what is -722144 - -2?
-722142
In base 16, what is 0 - 5d71ee9?
-5d71ee9
In base 6, what is -133245354 - 402?
-133250200
In base 7, what is 6463 - 164314?
-154521
In base 16, what is 4 - 71d25?
-71d21
In base 10, what is 20371571 + 0?
20371571
In base 13, what is 6048b - 32?
60459
In base 14, what is -11347d + -c0?
-11355d
In base 7, what is 124 - -444631?
445055
In base 7, what is -25226442 - 10?
-25226452
In base 6, what is 4 - 304113303?
-304113255
In base 16, what is 135aa - -d6?
13680
In base 6, what is 442 - 405314?
-404432
In base 8, what is 4431 - 24307?
-17656
In base 5, what is -121 + 110002013?
110001342
In base 15, what is -15c9 + -2d7?
-18b1
In base 7, what is -111 + 104251623?
104251512
In base 7, what is -212653 + -43122?
-256105
In base 9, what is -4 + -100701138?
-100701143
In base 9, what is -53108405 + -4?
-53108410
In base 9, what is -3436553 - 10?
-3436563
In base 8, what is -25311034 + -10?
-25311044
In base 7, what is 1 + -3302256360?
-3302256356
In base 12, what is 8401 - -b1?
84b2
In base 7, what is -646 + -426435?
-430414
In base 16, what is -7032f - -392?
-6ff9d
In base 4, what is -311 - 23031013300?
-23031020211
In base 11, what is -15224178 - -4?
-15224174
In base 6, what is 3110 - 22024?
-14514
In base 6, what is 10 + 1402331023?
1402331033
In base 15, what is -34d4 + 4670?
118b
In base 8, what is -5 + 357020?
357013
In base 10, what is -461525567 + -1?
-461525568
In base 15, what is 12eeb + -1c6?
12d25
In base 10, what is 79899 + 176?
80075
In base 11, what is 1 + -138202?
-138201
In base 4, what is 20332 + 3023001?
3103333
In base 2, what is 100000001 + 110100110000100?
110101010000101
In base 11, what is -23 - -a65a537?
a65a514
In base 11, what is 342 - 132856?
-132514
In base 13, what is -2 + -149c3b82?
-149c3b84
In base 9, what is 3055772 + 7?
3055780
In base 11, what is 31 + -1a7414?
-1a7393
In base 5, what is -14 - -134330242444?
134330242430
In base 16, what is -24c - 314f7?
-31743
In base 14, what is 6c - -620997?
620a25
In base 13, what is -41888cc + 2?
-41888ca
In base 3, what is 102 + -20110020100202?
-20110020100100
In base 7, what is -100331110 - 31?
-100331141
In base 7, what is 325016 + -135?
324551
In base 8, what is 312733504 - 2?
312733502
In base 4, what is 11313 - -133032013?
133103332
In base 8, what is 0 - -32422470?
32422470
In base 8, what is -120420 - -1646?
-116552
In base 15, what is 2ad33a2c - -1?
2ad33a2d
In base 3, what is -12210102 - 21012010?
-110222112
In base 9, what is -16 - 653488?
-653515
In base 14, what is -1cda - -100?
-1bda
In base 4, what is -2231020231 + 11?
-2231020220
In base 10, what is 140938 - 545?
140393
In base 2, what is -100 - -111110110000010010111000100?
111110110000010010111000000
In base 6, what is 41035 + -1044?
35551
In base 4, what is -2 - -10002133311303?
10002133311301
In base 9, what is -1681 - 124877?
-126668
In base 3, what is 111112200011 + -12102?
111112110202
In base 2, what is 11 + -100011000110101100010001?
-100011000110101100001110
In base 11, what is 2167 - -2a507?
31673
In base 4, what is 11001132 - 33332?
10301200
In base 2, what is -101 + -110110101101001001100?
-110110101101001010001
In base 3, what is -12122020 + -221112011?
-1011011101
In base 12, what is -5a + -81314?
-81372
In base 3, what is 111021 - -1022122222?
1100011020
In base 8, what is 4156160 - 6?
4156152
In base 12, what is -253b07 - 13?
-253b1a
In base 6, what is 41450342 - -4?
41450350
In base 15, what is -4 - -2ceb6d1?
2ceb6cc
In base 12, what is 2374951 + -7?
2374946
In base 7, what is 6135 - -200143?
206311
In base 11, what is 1 - -62a39010?
62a39011
In base 7, what is 351462220 - 15?
351462202
In base 6, what is -3 + 10404023200?
10404023153
In base 9, what is 5 - -716630075?
716630081
In base 13, what is 2c01 + 94?
2c95
In base 15, what is -ee3 - 34c?
-1340
In base 14, what is -44 - -9d39?
9cd5
In base 15, what is 2858643 - 4?
285863e
In base 3, what is -201101220000 + 1?
-201101212222
In base 13, what is -7 - b8084?
-b808b
In base 9, what is 5408822 - 2?
5408820
In base 16, what is -600e0 + -1?
-600e1
In base 15, what is -21c5 - 4ca?
-26a0
In base 16, what is 334 - 4f48?
-4c14
In base 5, what is 3 + -4444143111?
-4444143103
In base 8, what is 13544 + 4746?
20512
In base 5, what is -1303430310 - -133?
-1303430122
In base 6, what is 0 + -13141424?
-13141424
In base 8, what is -156 + 11500137?
11477761
In base 13, what is -45a0c + 474a?
-41292
In base 16, what is a09e + -2ff?
9d9f
In base 13, what is 1bbc3170 + -4?
1bbc3169
In base 7, what is 13555 - -1242263?
1256151
In base 8, what is -776 - 1660606?
-1661604
In base 15, what is -343409 + -2?
-34340b
In base 9, what is 10 - 4160810?
-4160800
In base 5, what is -4112 - -420330?
411213
In base 10, what is 235759 + -17?
235742
In base 4, what is 1 + 10331032133231?
10331032133232
In base 10, what is 5 - 142116?
-142111
In base 11, what is 2344825 + -37?
2344799
In base 12, what is -6 + 141474b?
1414745
In base 15, what is -56 + c839d?
c8347
In base 2, what is 10 + 1110100111